is divided by 248.
104
What is the remainder when 14505 is divided by 1442?
85
Calculate the remainder when 21978 is divided by 46.
36
Calculate the remainder when 6429 is divided by 49.
10
Calculate the remainder when 206352 is divided by 1221.
3
What is the remainder when 12980 is divided by 942?
734
What is the remainder when 3553 is divided by 314?
99
What is the remainder when 709 is divided by 40?
29
What is the remainder when 130 is divided by 40?
10
What is the remainder when 12941 is divided by 39?
32
What is the remainder when 119700 is divided by 119699?
1
What is the remainder when 39730 is divided by 13242?
4
Calculate the remainder when 6240 is divided by 729.
408
What is the remainder when 8357 is divided by 7?
6
What is the remainder when 15921 is divided by 152?
113
Calculate the remainder when 512033 is divided by 170674.
11
What is the remainder when 62490 is divided by 34?
32
Calculate the remainder when 4169 is divided by 506.
121
Calculate the remainder when 23512 is divided by 2351.
2
What is the remainder when 87110 is divided by 49?
37
What is the remainder when 26349 is divided by 398?
81
Calculate the remainder when 8328 is divided by 1898.
736
What is the remainder when 568 is divided by 211?
146
What is the remainder when 75413 is divided by 112?
37
Calculate the remainder when 144055 is divided by 11.
10
Calculate the remainder when 12912 is divided by 46.
32
What is the remainder when 50972 is divided by 36?
32
Calculate the remainder when 107613 is divided by 875.
863
What is the remainder when 54245 is divided by 2358?
11
What is the remainder when 380 is divided by 65?
55
Calculate the remainder when 21559 is divided by 7180.
19
What is the remainder when 4078 is divided by 1974?
130
Calculate the remainder when 143469 is divided by 199.
189
What is the remainder when 18962 is divided by 18777?
185
What is the remainder when 92452 is divided by 585?
22
Calculate the remainder when 676 is divided by 47.
18
What is the remainder when 510 is divided by 42?
6
What is the remainder when 186214 is divided by 24?
22
Calculate the remainder when 70474 is divided by 34.
26
Calculate the remainder when 12335 is divided by 220.
15
What is the remainder when 29737 is divided by 15?
7
Calculate the remainder when 13311 is divided by 13152.
159
What is the remainder when 25977 is divided by 232?
225
Calculate the remainder when 7552 is divided by 932.
96
What is the remainder when 237080 is divided by 11?
8
What is the remainder when 10358 is divided by 1476?
26
Calculate the remainder when 519 is divided by 104.
103
What is the remainder when 394480 is divided by 1559?
53
Calculate the remainder when 19392 is divided by 2387.
296
Calculate the remainder when 24591 is divided by 8160.
111
Calculate the remainder when 38779 is divided by 373.
360
What is the remainder when 91604 is divided by 56?
44
Calculate the remainder when 2862 is divided by 55.
2
Calculate the remainder when 173311 is divided by 760.
31
Calculate the remainder when 5959 is divided by 694.
407
Calculate the remainder when 7960 is divided by 66.
40
What is the remainder when 3520 is divided by 392?
384
Calculate the remainder when 19464 is divided by 1143.
33
What is the remainder when 365400 is divided by 9875?
25
Calculate the remainder when 1245 is divided by 153.
21
What is the remainder when 44221 is divided by 39?
34
Calculate the remainder when 1318 is divided by 1238.
80
What is the remainder when 35138 is divided by 191?
185
Calculate the remainder when 77403 is divided by 74.
73
What is the remainder when 5217 is divided by 169?
147
Calculate the remainder when 299819 is divided by 263.
262
What is the remainder when 2527 is divided by 837?
16
Calculate the remainder when 49306 is divided by 28.
26
What is the remainder when 79461 is divided by 21?
18
Calculate the remainder when 319447 is divided by 4.
3
Calculate the remainder when 2682941 is divided by 32.
29
Calculate the remainder when 109093 is divided by 15.
13
What is the remainder when 5640 is divided by 2819?
2
What is the remainder when 39270 is divided by 943?
607
What is the remainder when 26713 is divided by 668?
661
What is the remainder when 14074 is divided by 1561?
25
Calculate the remainder when 46625 is divided by 23301.
23
What is the remainder when 698263 is divided by 74?
73
Calculate the remainder when 145426 is divided by 54.
4
What is the remainder when 228 is divided by 209?
19
What is the remainder when 56836 is divided by 18?
10
Calculate the remainder when 56385 is divided by 2085.
90
What is the remainder when 8972 is divided by 7?
5
What is the remainder when 7884 is divided by 45?
9
What is the remainder when 16219 is divided by 52?
47
Calculate the remainder when 5436 is divided by 222.
108
Calculate the remainder when 11634 is divided by 11634.
0
Calculate the remainder when 91147 is divided by 8283.
34
What is the remainder when 9130 is divided by 16?
10
Calculate the remainder when 20816 is divided by 66.
26
What is the remainder when 538647 is divided by 409?
403
What is the remainder when 555 is divided by 94?
85
Calculate the remainder when 992079 is divided by 282.
3
Calculate the remainder when 4951 is divided by 20.
11
What is the remainder when 2766 is divided by 2759?
7
What is the remainder when 504 is divided by 168?
0
What is the remainder when 4414 is divided by 101?
71
Calculate the remainder when 4642 is divided by 684.
538
Calculate the remainder when 2559659 is divided by 74.
73
What is the remainder when 78586 is divided by 103?
100
Calculate the remainder when 1108 is divided by 157.
9
Calculate the remainder when 42774 is divided by 73.
69
Calculate the remainder when 12255 is divided by 2040.
15
What is the remainder when 310290 is divided by 428?
418
What is the remainder when 2474 is divided by 410?
14
What is the remainder when 16727 is divided by 48?
23
Calculate the remainder when 447 is divided by 172.
103
Calculate the remainder when 12689 is divided by 88.
17
What is the remainder when 414988 is divided by 261?
259
Calculate the remainder when 303392 is divided by 7.
5
What is the remainder when 19758 is divided by 865?
728
What is the remainder when 19895 is divided by 663?
5
What is the remainder when 17420 is divided by 2900?
20
What is the remainder when 52239 is divided by 3730?
19
What is the remainder when 134395 is divided by 22?
19
Calculate the remainder when 1400223 is divided by 392.
391
What is the remainder when 2465 is divided by 32?
1
Calculate the remainder when 61744 is divided by 12346.
14
Calculate the remainder when 249451 is divided by 5669.
15
Calculate the remainder when 93386 is divided by 46689.
8
Calculate the remainder when 34377 is divided by 17032.
313
Calculate the remainder when 1201 is divided by 93.
85
Calculate the remainder when 770783 is divided by 179.
9
What is the remainder when 4172 is divided by 219?
11
Calculate the remainder when 7930 is divided by 7.
6
What is the remainder when 836 is divided by 209?
0
Calculate the remainder when 1459 is divided by 102.
31
Calculate the remainder when 868 is divided by 422.
24
What is the remainder when 112846 is divided by 191?
156
Calculate the remainder when 5730 is divided by 3743.
1987
What is the remainder when 56240 is divided by 11?
8
Calculate the remainder when 86335 is divided by 198.
7
What is the remainder when 453644 is divided by 153?
152
Calculate the remainder when 62492 is divided by 644.
24
What is the remainder when 10184 is divided by 3360?
104
What is the remainder when 3503 is divided by 39?
32
Calculate the remainder when 7268 is divided by 1801.
64
Calculate the remainder when 4838 is divided by 627.
449
Calculate the remainder when 4375 is divided by 1443.
46
Calculate the remainder when 8682 is divided by 155.
2
What is the remainder when 2027 is divided by 54?
29
What is the remainder when 1268 is divided by 247?
33
Calculate the remainder when 1444 is divided by 527.
390
What is the remainder when 3472 is divided by 107?
48
What is the remainder when 11205 is divided by 11195?
10
What is the remainder when 10075 is divided by 9980?
95
Calculate the remainder when 2995807 is divided by 74.
65
Calculate the remainder wh